{"id":5940,"date":"2026-05-04T20:15:59","date_gmt":"2026-05-04T18:15:59","guid":{"rendered":"https:\/\/www.cincomonos.org\/entradas\/?post_type=product&#038;p=5940"},"modified":"2026-05-04T20:17:48","modified_gmt":"2026-05-04T18:17:48","slug":"la-gestio-de-la-solitud","status":"publish","type":"product","link":"https:\/\/www.cincomonos.org\/entradas\/?product=la-gestio-de-la-solitud","title":{"rendered":"La gesti\u00f3 de la solitud"},"content":{"rendered":"<h3 style=\"text-align: center;\">Un trasllat?<br \/>\nComen\u00e7ar de zero?<\/h3>\n<h3 style=\"text-align: center;\">Realment estic preparat?<br \/>\nDeixar enrere<br \/>\nel que has viscut?<br \/>\nEl que he tingut?<\/h3>\n<h3 style=\"text-align: center;\">A les persones amb les que he compartit experi\u00e8ncies?<br \/>\nO simplement fujo dels problemes per covardia?<\/h3>\n<h3 style=\"text-align: center;\">La soluci\u00f3 \u00e9s l&#8217;a\u00efllament?<\/h3>\n<h3 style=\"text-align: center;\">SOLS Teatre<\/h3>\n<h3 style=\"text-align: center;\">amb:<br \/>\nGerard Mart\u00ednez<br \/>\nJep Boix<\/h3>\n<h3 style=\"text-align: center;\">direcci\u00f3:<br \/>\nJordi Angelats<br \/>\n(Peipetit)<\/h3>\n","protected":false},"excerpt":{"rendered":"<p>Un trasllat? Comen\u00e7ar de zero? Realment estic preparat? Deixar enrere el que has viscut? El que he tingut? A les persones amb les que he compartit experi\u00e8ncies? O simplement fujo dels problemes per covardia? La soluci\u00f3 \u00e9s l&#8217;a\u00efllament? SOLS Teatre amb: Gerard Mart\u00ednez Jep Boix direcci\u00f3: Jordi Angelats (Peipetit)<\/p>\n","protected":false},"featured_media":5941,"template":"","meta":[],"product_brand":[],"product_cat":[62,27],"product_tag":[],"class_list":{"0":"post-5940","1":"product","2":"type-product","3":"status-publish","4":"has-post-thumbnail","6":"product_cat-social","7":"product_cat-teatro","9":"first","10":"instock","11":"sale","12":"shipping-taxable","13":"purchasable","14":"product-type-variable"},"jetpack_sharing_enabled":true,"_links":{"self":[{"href":"https:\/\/www.cincomonos.org\/entradas\/index.php?rest_route=\/wp\/v2\/product\/5940","targetHints":{"allow":["GET"]}}],"collection":[{"href":"https:\/\/www.cincomonos.org\/entradas\/index.php?rest_route=\/wp\/v2\/product"}],"about":[{"href":"https:\/\/www.cincomonos.org\/entradas\/index.php?rest_route=\/wp\/v2\/types\/product"}],"wp:featuredmedia":[{"embeddable":true,"href":"https:\/\/www.cincomonos.org\/entradas\/index.php?rest_route=\/wp\/v2\/media\/5941"}],"wp:attachment":[{"href":"https:\/\/www.cincomonos.org\/entradas\/index.php?rest_route=%2Fwp%2Fv2%2Fmedia&parent=5940"}],"wp:term":[{"taxonomy":"product_brand","embeddable":true,"href":"https:\/\/www.cincomonos.org\/entradas\/index.php?rest_route=%2Fwp%2Fv2%2Fproduct_brand&post=5940"},{"taxonomy":"product_cat","embeddable":true,"href":"https:\/\/www.cincomonos.org\/entradas\/index.php?rest_route=%2Fwp%2Fv2%2Fproduct_cat&post=5940"},{"taxonomy":"product_tag","embeddable":true,"href":"https:\/\/www.cincomonos.org\/entradas\/index.php?rest_route=%2Fwp%2Fv2%2Fproduct_tag&post=5940"}],"curies":[{"name":"wp","href":"https:\/\/api.w.org\/{rel}","templated":true}]}}